 + 248. What are the prime factors of f(6)?
2, 29, 257
Let r(z) = -223*z - 41. Let i be (18 + -30)*(-2)/(-4). What are the prime factors of r(i)?
1297
Suppose -120*j + 60*j + 353755 = -2285. List the prime factors of j.
2, 3, 23, 43
Let s = 621 - 472. Let k = s - -550. What are the prime factors of k?
3, 233
List the prime factors of 9/(54/17702) - (-6)/9.
13, 227
What are the prime factors of 1 - ((4 - 2) + -62980)?
3, 7, 2999
Suppose -2*b + 4*h - 16 = 0, 23*h - 28*h = -2*b - 17. List the prime factors of b/(-1) + 336 + -7.
5, 67
Let i(g) = g. Let x be i(7). Let f(p) = 31*p + 15 - 12*p + 9 - 20. What are the prime factors of f(x)?
137
Let r = 325 + 35. Let o be (5 - -2 - 4)*3. Suppose o*c - c - r = 0. List the prime factors of c.
3, 5
Suppose -7727*z + 7735*z - 201712 = 0. List the prime factors of z.
2, 7, 1801
Suppose -138436 + 681848 = 75*j - 2*j. What are the prime factors of j?
2, 1861
List the prime factors of 907218/24 - (132/(-16))/33.
103, 367
Let a(z) = -1983*z**3 - 5*z**2 + 16*z + 30. List the prime factors of a(-3).
2, 3, 2971
Let v be (9/(-7))/((-33)/154). What are the prime factors of 16/v*2943/36?
2, 109
Suppose 3*j + 248 = -j. Let l be (60/5)/(-2) + 3 - -90. Let p = j + l. What are the prime factors of p?
5
Suppose -2*q = -c + 16965, 21*c - 13*c - 3*q - 135772 = 0. List the prime factors of c.
11, 1543
Let u(v) = -80*v - 4. Let i be u(-2). Let o(d) = d**3 + 3*d**2 + d + 4. Let s be o(-6). Let r = i + s. What are the prime factors of r?
2, 23
Suppose 4*p - 99 = -0*p - 5*m, 3*p = -5*m + 73. Let u = 52 - p. Suppose -4*b = u - 182. What are the prime factors of b?
3, 13
Let o(d) = 6*d**2 - 27. Let l(a) = 11*a**2 - 54. Let z(w) = 6*l(w) - 10*o(w). List the prime factors of z(-9).
2, 3
Let z = -115 - -69. Let a be 7*-9 + -26 + 29. Let q = z - a. What are the prime factors of q?
2, 7
Let z(h) = 169*h - 79. Let o be (4 - 0) + (14 - 13). What are the prime factors of z(o)?
2, 383
Let y = -7501 + 17464. List the prime factors of y.
3, 41
What are the prime factors of (-39)/(-13)*(-6)/36*-19234?
59, 163
Let u = -7 - 1. List the prime factors of 126/((-2)/(-8)*(-32)/u).
2, 3, 7
Let r(c) = -4*c**3 + 2*c**2 + 5*c + 16. Let q = -18 + 15. What are the prime factors of r(q)?
127
Suppose 2*z + 10*z = 60. Suppose 73*q - 492 = -3*o + 75*q, 0 = -z*q. What are the prime factors of o?
2, 41
Suppose 3*q + 3*d - 107 = 5*q, -q - 3*d - 40 = 0. Let v = 106 + q. What are the prime factors of v?
3, 19
Let p be (-2 + 60/21)/((-3)/(-21)). Let i = p - 6. Suppose 0 = h + k - 156, 4*h - 3*k + i*k = 652. List the prime factors of h.
2, 5
Suppose -1232*q + 1166*q = -1643994. What are the prime factors of q?
3, 19, 23
Let w = 40 + 1. Let g(z) = 7*z**2 + 2232 + w*z**2 - 2230 - 2*z - z. What are the prime factors of g(1)?
47
Suppose -3*i = -b + 441, 0 = -3*b - 4*i - i + 1253. Let x = b - -296. What are the prime factors of x?
2, 19
Let m(j) = -4*j - 14. Suppose -7*v - 14 = 14. Let f be m(v). What are the prime factors of 70 - f - (2 + -5)?
71
Let w be 22 + 3 + (-3)/1. Suppose 0 = -5*h + w - 62. List the prime factors of (-4 - h)/((-2)/(-8)).
2
Let o(c) = c**2 - 2*c - 3. Let w(u) = 6*u - 1. Let d(n) = 5*n - 1. Let m(p) = -3*d(p) + 2*w(p). Let x be m(4). List the prime factors of o(x).
2, 5, 7
Suppose 0 = 3*p - 4*p + 1. Let h(q) = -q**2 - 1. Let o(g) = 5*g**2 + 18*g + 3. Let i(l) = p*o(l) + 3*h(l). What are the prime factors of i(-13)?
2, 13
Let s(h) = h**3 + 19*h**2 - h - 13. Let p be s(-19). What are the prime factors of -610*((-1)/p - (-5)/(-15))?
5, 61
Let z = 40 + 78. Let j be (5/(-10) + 1)*z. Suppose j = -7*q + 8*q. What are the prime factors of q?
59
Suppose -j = 5*v - 43147, 2*j + 11781 = 4*v - 22731. List the prime factors of v.
8629
Suppose p + 13*p = 66640. List the prime factors of p.
2, 5, 7, 17
Let a(d) = -5*d + 45. Let z be a(4). Suppose z*v + 270 = 35*v. List the prime factors of v.
3
Let n(y) = 3*y + 15487. Let t be n(0). List the prime factors of 2/8 - t/(-68).
2, 3, 19
Let v = 39 + 24. Suppose -8*r - r = -v. Suppose r*j = 49 + 91. What are the prime factors of j?
2, 5
Suppose 0 = -9*h - 27460 + 109162. Suppose -29254 = -13*x - h. What are the prime factors of x?
2, 97
Let g = 17 - -957. Suppose g = 14*y - 2162. List the prime factors of y.
2, 7
Suppose -113*z + 1674 = -82*z. List the prime factors of z.
2, 3
Suppose 2*l + 2*h + 2 = -14, -5*h - 22 = -l. What are the prime factors of 158 + 1 - (-9)/(-9)*l?
2, 3
Suppose 137*c = 48*c + 911716. What are the prime factors of c?
2, 13, 197
Let n be (0 + (6 - 5))*(-1 + 4). Suppose -4*h + 4 = -4*f, -3*f + 8*f - 2*h = 7. Suppose -p = -3*p + f*i + 32, -n*i = -3*p + 51. List the prime factors of p.
19
Let g(f) = 3*f**2 - 9*f + 2. Let d be g(3). Suppose -3*t + 35 = 4*b, 3*t - 7*t + 40 = d*b. Suppose -t*y + 50 = -22. List the prime factors of y.
2
Suppose 4*u - 139 = 77. Let p(v) = 15*v - 725. Let z be p(52). Let h = z + u. List the prime factors of h.
109
Suppose 0 = -8*w + 4*w - 152. What are the prime factors of -2 + 0 - (w + -297)?
3, 37
Suppose -301978 - 247078 = -0*s - 23*s. List the prime factors of s.
2, 373
Let c(r) = -4*r + 34. Let q be c(7). Suppose -q*w + 5 = 101. What are the prime factors of (w/(-48))/((-2)/(-1038))?
173
Let q(c) = -14*c - 17. Let g be q(-5). Let l = 59 - g. Suppose 5*p - 41 = 4*b - l*b, 5*b + 20 = 5*p. List the prime factors of p.
7
Let r(j) = 28*j**2 + 8*j + 4. Let w be r(2). Let o = 222 - w. List the prime factors of o.
2, 3, 5
What are the prime factors of 74160 - (6/57 - (-9)/855*-105)?
74161
Let m = -126 - -119. What are the prime factors of (-12)/42 + (-44)/m?
2, 3
What are the prime factors of ((-16)/((-160)/(-105)))/(1/(-350))?
3, 5, 7
Suppose -2*j - 5*u - 6275 = -34044, -5*j + 69434 = u. What are the prime factors of j?
3, 1543
Suppose -w = 4*b - 456, -2*w + 2*b = -6*w + 1894. Suppose 15*t - 17*t = 4*a - w, 4*t + 2*a = 964. What are the prime factors of t?
2, 11
Let i(o) = -o**2 + 42*o - 18. Let c be i(24). Suppose -419*b = -c*b - 810. List the prime factors of b.
2, 3
Let u(t) = 258*t**3 + 11*t**2 - 57*t + 71. What are the prime factors of u(4)?
61, 271
Let y(z) = -z**2 + 12*z + 18. Let g be 306*(9/2 - 4). Suppose 0 = 10*l + 23 - g. List the prime factors of y(l).
5
Suppose 8150 = 10*y + 1600. Suppose -3*l + 404 + 252 = 5*f, 4*f - y = -3*l. List the prime factors of l.
7, 31
Suppose 12*d - 4558 = 962. List the prime factors of d.
2, 5, 23
Suppose -41*d + 269954 - 71432 = 0. Suppose 7*a - d = a. List the prime factors of a.
3, 269
Let w = -58 - -350. Suppose 44*m - 42*m - w = 0. Let a = 56 + m. What are the prime factors of a?
2, 101
Let z be (1 + 8 + 1)*14/4. Suppose 39*c - 3284 = z*c. List the prime factors of c.
821
Let x = 2981 + -2069. Suppose -19*k = -17*k - x. What are the prime factors of k?
2, 3, 19
Let v(y) = -577*y - 18535. What are the prime factors of v(-120)?
5, 10141
Suppose 20 = 9*x - 7. Suppose -x*h + 2*h + 4 = 0. Suppose h*g - 3*g - 66 = 0. List the prime factors of g.
2, 3, 11
What are the prime factors of 300/(-20)*(1 + -180)?
3, 5, 179
Suppose a + 173 = 175. Suppose 542 = q + a*d + 105, -1768 = -4*q - 4*d. What are the prime factors of q?
3, 149
Let h = -269 - -589. Suppose h = 4*n - 808. What are the prime factors of n?
2, 3, 47
Suppose 2*j - 13820 = -4*l, 17*l + 2*j - 6908 = 15*l. What are the prime factors of l?
2, 3
List the prime factors of (25974/(-108))/((-2)/64).
2, 13, 37
Suppose 1009*q = 1001*q + 14384. Let p = q - 845. What are the prime factors of p?
953
Let t(n) = 5*n**2 - 22*n + 12. Let m be t(4). Suppose -342 = -u + 28*i - 30*i, 1423 = m*u - 3*i. List the prime factors of u.
2, 11
Let h(l) be the third derivative of 5*l**4/24 + 5*l**3/3 - 10*l**2. Let d be h(-5). What are the prime factors of (-2)/d - (-17076)/180?
5, 19
Let j = 73 + 90. Suppose j = 4*n - 13. Let c = 6 + n. What are the prime factors of c?
2, 5
Let u = 4804 + -3227. Let q = 3097 - u. What are the prime factors of q?
2, 5, 19
Suppose -5*h + 797 + 1798 = 0. Suppose -4*y + h + 357 = 0. List the prime factors of y.
3, 73
Let r be (-1)/(-4) - 6/(-16)*10. Suppose 2*n = 5*j + 28, 0 = n + 4*n + r*j - 4. Suppose n*l = 2*l + 118. What are the prime factors of l?
59
Let y(q) = 175*q**2 + 545*q - 163. What are the prime factors of y(20)?
80737
Suppose 0 = 575*b - 554*b - 306852